b(m) = -m**3 + 28*m + 52. Calculate b(-2).
4
Let l(k) = -7*k - 38. Give l(-6).
4
Let v(z) = z**2 + 3*z - 3. Give v(3).
15
Let n(p) = -7*p**2 + 4*p + 3. Give n(2).
-17
Let k(d) = 5*d - 91. Calculate k(19).
4
Let k(j) = -j - 3. Give k(15).
-18
Let q(f) = -f**2 + 2*f + 9. Give q(4).
1
Let f(y) = -y**3 + 11*y**2 - 9*y - 1. Calculate f(10).
9
Let h(w) = w. Calculate h(3).
3
Let h(z) = z**3 + 5*z**2 + 7*z + 13. What is h(-3)?
10
Let c(d) = -3*d + 15. What is c(4)?
3
Let u(j) = j**2 - 18*j + 34. Give u(12).
-38
Let n(g) = -g**2 - 6*g + 14. What is n(-7)?
7
Let z(k) = -k**3 - 4*k**2 + 5*k - 1. Give z(-5).
-1
Let g(s) = -s**2 + 37*s + 223. What is g(42)?
13
Let s(t) = -22*t - 38. What is s(-2)?
6
Let b(z) = z**3 + 2*z**2 - 2*z + 6. Determine b(-3).
3
Let h(d) = -3*d**3 + 3*d**2 + 6*d + 4. Give h(-2).
28
Let m(q) = -q**2 + 3*q - 17. What is m(0)?
-17
Let b(d) = d**3 - 8*d**2 + 31*d - 246. What is b(8)?
2
Let p(w) = w - 6. Calculate p(0).
-6
Let z(n) = -n**3 - 4*n**2 - 6*n. What is z(-3)?
9
Let n(a) = -5*a + 16. Calculate n(11).
-39
Let w(y) = -2*y - 2. What is w(9)?
-20
Let u(k) = -k**3 - 7*k**2 + 7*k - 11. Calculate u(-8).
-3
Let f(b) = -b**3 + 3*b**2 + 14*b - 47. What is f(5)?
-27
Let j(c) = -3*c + 22. Determine j(6).
4
Let t(z) = z**2 - 4*z + 1. Determine t(6).
13
Let x(j) = 19*j**2 - 3*j - 3. Determine x(-1).
19
Let a(m) = m**2 + 20. Calculate a(0).
20
Let v(h) = 6*h + 83. Determine v(-15).
-7
Let h(k) = 5*k - 32. Calculate h(-11).
-87
Let y(o) = -4*o**2 - o + 3. What is y(-2)?
-11
Let a(t) = -t**2 + 2*t + 8. Calculate a(7).
-27
Let h(o) = o**3 - 9*o**2 + 5*o + 24. Give h(5).
-51
Let v(i) = i**2 - 8*i + 9. Determine v(7).
2
Let y(q) = 4*q + 32. Calculate y(-16).
-32
Let y(v) = -v**3 + 10*v**2 - 2*v - 16. Calculate y(6).
116
Let x(s) = -s**3 - 10*s**2 + s + 3. Determine x(-10).
-7
Let d(g) = 3*g**3 + 4*g**2 + 9*g + 5. What is d(-3)?
-67
Let f(u) = u**2 + 7*u - 2. Give f(-9).
16
Let w(a) = 12*a - 9. Give w(8).
87
Let k(q) = 19*q**2 + q. Calculate k(-1).
18
Let i(v) = 2*v**2 - 5*v - 8. Calculate i(4).
4
Let y(l) = l**3 - 2*l**2 + 2*l + 2. Calculate y(2).
6
Let u(b) = -3*b**2 - 8*b + 1. Give u(-4).
-15
Let r(j) = j**3 + 15*j**2 + 5*j + 19. Give r(-15).
-56
Let v(m) = -m - 109. Determine v(0).
-109
Let s(u) = 52*u - 932. Determine s(18).
4
Let d(u) = u - 11. Determine d(8).
-3
Let u(h) = -34*h**2 + 2*h. What is u(-2)?
-140
Let g(h) = h**3 - 6*h**2 + 3*h + 3. What is g(3)?
-15
Let x(g) = -16*g + 596. Calculate x(37).
4
Let b(m) = -m + 3. Calculate b(-5).
8
Let i(c) = -c**3 + 15*c**2 - 4*c - 20. Calculate i(15).
-80
Let i(z) = z - 10. Give i(-12).
-22
Let k(b) = -2*b + 38. What is k(18)?
2
Let q(x) = x**3 + 5*x**2 + 6*x + 4. Give q(-4).
-4
Let l(i) = -5*i - 36. Determine l(-14).
34
Let w(t) = -t**2 + 27*t + 244. Determine w(-7).
6
Let c(p) = -17*p + 315. Give c(19).
-8
Let n(z) = -z**3 + 17*z**2 - 2*z + 39. Give n(17).
5
Let g(q) = q**3 + 16*q**2 + 4*q + 65. Calculate g(-16).
1
Let d(l) = -l**3 - 8*l**2 + 5*l + 12. Calculate d(-8).
-28
Let o(u) = u**3 - 9*u**2 - u + 22. Give o(9).
13
Let a(u) = -u**3 + u**2 + 5*u + 5. Calculate a(-4).
65
Let x(q) = q**2 - q - 34. Calculate x(7).
8
Let z(l) = 2*l**2 - 17*l + 25. What is z(6)?
-5
Let l(v) = 2*v**2 - 15*v + 27. Calculate l(5).
2
Let a(u) = u**2 + 12*u - 3. Calculate a(-7).
-38
Let i(n) = -6*n + 7. Calculate i(5).
-23
Let s(b) = b**3 + 4*b**2 - 3*b + 2. Calculate s(-5).
-8
Let a(i) = -8*i - 2. Give a(-1).
6
Let o(s) = -s - 9. Calculate o(-5).
-4
Let v(n) = 18*n**2 - 2*n. Give v(2).
68
Let x(q) = -4*q**2 - 18*q - 1. Calculate x(-4).
7
Let p(a) = -3*a**2 + 4*a - 1. Calculate p(2).
-5
Let d(q) = 2*q**2 + 2*q. Calculate d(1).
4
Let j(y) = 5*y**2 + 38*y + 4. Determine j(-7).
-17
Let b(z) = z**2 - 20*z + 48. Calculate b(17).
-3
Let b(k) = 26*k - 78. Determine b(3).
0
Let x(h) = h**3 - 13*h**2 + 13*h + 4. Calculate x(12).
16
Let y(w) = -2*w**2 - 4*w - 2. Give y(-3).
-8
Let z(o) = -6*o + 62. What is z(4)?
38
Let l(d) = -d**3 - d**2 + 5*d - 1. What is l(-3)?
2
Let i(m) = -m**3 - 6*m**2 + 8*m - 8. Calculate i(-7).
-15
Let z(p) = -2*p**2 - 8*p - 3. Give z(-5).
-13
Let u(r) = -r**2 - 17*r - 35. Calculate u(-14).
7
Let h(z) = 3*z**2 - 12*z + 11. Give h(1).
2
Let f(z) = -z**2 + 18*z - 16. What is f(17)?
1
Let z(y) = y**3 - 7*y**2 - 4*y - 36. Determine z(8).
-4
Let y(v) = -v**2 - 38*v + 596. Calculate y(12).
-4
Let i(w) = -w**2 + 3*w + 9. Determine i(4).
5
Let p(l) = -4*l - 17. Calculate p(-8).
15
Let p(v) = 2*v + 2. Calculate p(-3).
-4
Let k(g) = -35*g + 471. What is k(14)?
-19
Let d(m) = -m**3 - 16*m**2 - 14*m + 13. Determine d(-15).
-2
Let h(l) = -l**2 + l + 14. Determine h(0).
14
Let f(s) = s**2 + 2*s - 7. Calculate f(-7).
28
Let w(b) = -b**3 - 8*b**2 + 17*b - 31. Calculate w(-10).
-1
Let d(j) = -j**3 - j + 14. What is d(0)?
14
Let d(a) = -a**2 + 9*a + 47. Calculate d(-4).
-5
Let o(j) = -j - 73. What is o(-23)?
-50
Let r(w) = 6*w + 70. Calculate r(-12).
-2
Let j(x) = x**3 - 3*x**2 - 8*x - 7. Give j(5).
3
Let g(o) = -o**3 + 6*o**2 + 5*o + 28. What is g(7)?
14
Let o(r) = -r**2 - 2*r - 2. What is o(-1)?
-1
Let m(q) = -6*q**2 - 5. What is m(2)?
-29
Let t(b) = -3*b + 21. What is t(11)?
-12
Let b(h) = 13*h**2 + 11*h + 3. Give b(-1).
5
Let v(j) = 3*j. Calculate v(1).
3
Let n(o) = -3*o + 59. What is n(23)?
-10
Let q(k) = 8*k - 2. What is q(6)?
46
Let d(p) = -p**2 + 31*p - 44. Determine d(29).
14
Let c(g) = g**2 - 2*g - 17. Calculate c(7).
18
Let m(x) = -x**3 - 4*x**2 + 3*x - 8. Calculate m(-5).
2
Let t(l) = l**2 - 12*l + 6. Calculate t(7).
-29
Let u(k) = 3*k**3 + 37*k**2 + 12*k - 1. Give u(-12).
-1
Let a(m) = -3*m - 25. Determine a(-8).
-1
Let n(y) = y**2 - 6*y + 6. Calculate n(6).
6
Let j(k) = -2*k**2 - 10*k + 10. Calculate j(-8).
-38
Let w(h) = 8*h - 586. What is w(74)?
6
Let c(p) = p**3 - 9*p**2 + 8*p - 7. Determine c(8).
-7
Let y(i) = -9*i**2 - 2. Calculate y(1).
-11
Let f(x) = x**2 - 16*x - 59. Determine f(17).
-42
Let l(d) = d**3 - 12*d**2 + 21*d - 18. Give l(10).
-8
Let k(c) = c**3 + 11*c**2 - 10*c + 30. Give k(-12).
6
Let t(q) = q**2 - 14*q + 45. What is t(10)?
5
Let i(q) = 5*q**3 - 4*q**2 - 7*q + 6. What is i(-2)?
-36
Let s(p) = 16*p - 3. Give s(-2).
-35
Let s(m) = -m**2 - 6*m - 5. Calculate s(-6).
-5
Let t(j) = -j**2 - 17*j + 68. Give t(-20).
8
Let l(h) = -4*h - 16. What is l(-3)?
-4
Let n(b) = -4*b**2 - 8*b + 6. What is n(-3)?
-6
Let a(w) = -3*w**2 - 6*w. Determine a(-4).
-24
Let c(a) = -6*a**2 + 2*a + 1. What is c(-1)?
-7
Let g(o) = -o**2 + 13*o + 26. Determine g(15).
-4
Let v(n) = n**3 - 10*n**2 + 19*n + 10. Calculate v(7).
-4
Let i(o) = -o**3 + o - 3. What is i(3)?
-27
Let c(n) = -7*n**2 + 12*n - 9. Give c(1).
-4
Let c(v) = 15*v + 106. Determine c(-8).
-14
Let b(q) = q**2 + 10*q + 19. Give b(-6).
-5
Let b(a) = -a**2 - a + 33. What is b(0)?
33
Let n(x) = x**2 + 2*x. What is n(-4)?
8
Let s(u) = -4*u**2 - u. What is s(-1)?
-3
Let r(v) = 5*v - 26. What is r(11)?
29
Let d(i) = -2*i**2 - 3*i - 7. Calculate d(-5).
-42
Let f(b) = -b**3 + 9*b**2 + 10*b + 14. Give f(10).
14
Let s(z) = -z**3 - 24*z**2 - 43*z + 22. Determine s(-22).
0
Let s(n) = -2*n - 2. Calculate s(-7).
12
Let b(o) = o**2 - 3*o - 3. Calculate b(2).
-5
Let t(r) = -4*r + 23. Give t(7).
-5
Let c(m) = -m**2 - 4*m + 208. What is c(12)?
16
Let p(f) = -f**2 + 14*f - 46. Give p(10).
-6
Let n(c) = c. Determine n(-3).
-3
Let h(j) = -4*j - 23. What is h(-22)?
65
Let y(u) = u**2 + 4*u - 5. Determine y(-7).
16
Let x(m) = -m + 23. What is x(21)?
2
Let o(t) = t**3 + 26*t**2 + 43*t - 115. Give o(-24).
5
Let u(r) = 2*r + 10. What is u(-4)?
2
Let k(t) = t**3 + 4*t**2 - 4*t + 5. Give k(-4).
21
Let k(w) = w**3 - 10*w**2 - 170*w + 12. Determine k(-9).
3
Let q(r) = -4*r**2 - 3*r - 1. Determine q(-1).
-2
Let g(l) = 23*l - 37. Give g(2).
9
Let m(h) = -2*h**2 + 6. Calculate m(-5).
-44
Let y(a) = -a**2 + 2*a + 3. Determine y(5).
-12
Let s(t) = t**3 + 8*t**2 + 6*t + 4. Determine s(-8).
-44
Let k(s) = 6*s + 9. What is k(-10)?
-51
Let j(o) = o**2 + 8*o + 10. Give j(-4).
-6
Let p(w) = w - 19. Calculate p(-3).
-22
Let x(d) = -d**3 - 3*d**2 + 3*d + 2. Determine x(-4).
6
Let h(f) = -62*f + 2912. Calculate h(47).
-2
Let x(t) = -2*t**2 + t - 5. Calculate x(0).
-5
Let k(w) = w**2 + w + 2. What is k(-2)?
4
Let a(r) = 4*r**2 + 12*r + 4. Give a(-4).
20
Let r(i) = -15*i + 21. Calculate r(6).
